+ 5*c - 144 = b, 2*d - 3*c = 52 + 20. Calculate the greatest common divisor of 24 and d.
12
Let a be (374/(-17))/((-2)/3). Let d(f) = -f**3 - 10*f**2 + f + 4. Let m be d(-10). Let s = m + 28. What is the highest common divisor of s and a?
11
Suppose 113 = -3*l + 521. Calculate the highest common divisor of l and 16.
8
Let r(n) = -9*n + 171. Let s be r(18). Suppose -5*y - o - 46 + 271 = 0, 3*y = o + 135. Calculate the highest common divisor of y and s.
9
Suppose 3*p = -p, -w + 4*p - 101 = 0. Let o = w + 150. What is the highest common divisor of 7 and o?
7
Let c be (-1 + 64/12)/((-4)/(-24)). Let p(z) = -8*z + 1. Let o be p(-2). Let d = c - o. Calculate the greatest common factor of 45 and d.
9
Let s be -13*(-3 + (3 - 1)). Let g be (-8 + s)*48/5. Let m(o) = o**2 + 2*o - 29. Let j be m(-7). What is the greatest common divisor of j and g?
6
Let w be (20/(-65))/(-2) - (-132)/(-13). Let k be (3 + 0)*(-8 - w). Calculate the highest common divisor of 3 and k.
3
Let n(q) = 2*q + 16. Let d be n(-8). Suppose 5*a = -d*a + 150. Suppose 5*b = 4*m - 0*m - 955, 0 = 3*b - 3. What is the greatest common divisor of m and a?
30
Let d = 23 + -20. Suppose i + 4 = 0, -8*f + 5*i + 65 = -d*f. What is the greatest common divisor of 1 and f?
1
Let u(z) = 4*z**2 - 12*z - 52. Let l be u(-4). What is the greatest common factor of l and 60?
60
Suppose -5*x - 4*q = -668, 3*x + q - 133 = 2*x. Calculate the highest common divisor of x and 48.
8
Let h(k) = k**2 - 8*k - 2. Let j be h(11). Let l = j - 11. What is the highest common divisor of l and 8?
4
Suppose 3*c - 140 = -c. Suppose 0 = -6*m + 394 - 310. Calculate the greatest common divisor of c and m.
7
Let j(r) = r**2 - 15*r - 65. Let h be j(-10). Suppose -h = 2*z - 6*z - 5*k, 0 = -z - 5*k + 50. What is the greatest common divisor of z and 495?
45
Suppose 3*b - 7*b + 200 = 0. Let i(m) = 4*m**2 - 3*m - 13. Let h be i(3). Let z = h - -111. Calculate the greatest common factor of b and z.
25
Let n be -15*(115/(-25) - -4). Calculate the greatest common factor of 369 and n.
9
Let h be (1 - (-7 + -2))/1. Let d(s) = -10*s**2 - 17*s + 7. Let v be d(13). Let f be (-4)/6 + (-9)/(189/v). Calculate the greatest common factor of f and h.
10
Let i be ((-4060)/100)/(1/(-10)). What is the highest common factor of 7 and i?
7
Let v(g) = 2*g - 8. Let a be v(8). Let q(s) = -4*s - 4. Let o be q(-2). What is the highest common divisor of o and a?
4
Suppose -3*l + 2*l - 13 = -2*y, -5 = -4*y - 5*l. Calculate the greatest common divisor of 45 and y.
5
Suppose -3*x - 864 = -2*z, -4*z + 3*z - 4*x = -421. What is the greatest common divisor of 39 and z?
39
Suppose 537 = 20*y - 2663. Calculate the highest common factor of 70 and y.
10
Let o(b) = b**2 + 8*b - 9. Let y be o(-9). Suppose 3*x = -y*x + 9. Calculate the highest common divisor of x and 9.
3
Let o be 2 - 4/(-2)*131. Let l(x) = -x + 15. Let n be l(-9). Calculate the greatest common divisor of n and o.
24
Let p = -971 - -1023. Suppose j - 133 = -3*l, l = 2*j - 42 - 217. Calculate the highest common factor of j and p.
26
Suppose 78*w + 5325 = 81*w. What is the highest common factor of w and 25?
25
Suppose -4*k - 133 + 541 = 0. Let l be 2 + -4 + -2 + k. What is the greatest common factor of 14 and l?
14
Let x(y) = y**2 + 8*y. Let u be x(7). Let f = u - 62. Calculate the greatest common divisor of f and 43.
43
Suppose 29*r - 13760 = -14*r. What is the highest common factor of r and 192?
64
Suppose 3*p - 102 = 33. What is the greatest common divisor of p and 9?
9
Let a be (-13)/(-130) + 24789/10 - -5. What is the greatest common divisor of 108 and a?
108
Let k(i) = -7*i - 1. Let w be k(-3). Suppose -6*n + w = -5*n. Let u = 390 - 230. Calculate the highest common factor of n and u.
20
Suppose 2*v = -k + 142, 3*k + 5*v = -108 + 530. Let o = 151 - k. What is the highest common divisor of o and 85?
17
Suppose -5*m - 5*g = -4*g - 55, -4*m = -5*g - 44. Let z be 3*21*55/45. What is the highest common divisor of z and m?
11
Suppose -265 = -l + 5*h + 207, 1416 = 3*l - h. Suppose -442 = -3*c - 4*d, -5*c = -4*d - 318 - l. What is the greatest common divisor of c and 14?
14
Suppose 0 = 2*b - b - 2*g - 65, 0 = -2*b - g + 140. Let h be (-1)/2 + b/6. Let j(z) = 42*z + 2. Let u be j(1). Calculate the highest common factor of h and u.
11
Suppose -1356 = -5*q - 7*q. Suppose x = 5*z - 390, -5*z + 7 = 2*x - 368. Let n = q - z. Calculate the highest common divisor of 18 and n.
18
Let k = 26 - 20. Suppose 2*g - k = 2. Suppose g*a = -72 + 212. Calculate the highest common divisor of 385 and a.
35
Let f(g) = 1 + 5*g**2 + 7*g**2 + 4*g**2 - 2*g. Let i be f(1). Suppose 13*z + 414 = i*z. What is the highest common divisor of z and 23?
23
Let t be (-5 + (-11)/(-2))*260/10. Calculate the greatest common factor of t and 3.
1
Suppose 5*u - p - 57 = 0, 3*u - 32 = -5*p + 19. Let m be (2 - (-1)/2)*12. What is the highest common divisor of m and u?
6
Let r(p) = 170*p - 2. Let w be r(1). Let k(s) = s**3 - 3*s**2 - 2. Let x be k(4). Let h be (x/(-8))/((-3)/w). What is the highest common factor of h and 14?
14
Let t = 50 - 21. Suppose -12 = -2*k - b + 92, 0 = 4*k + 3*b - 210. Let c = k - t. Calculate the greatest common divisor of c and 2.
2
Let u be ((-46)/(-69))/((-1)/(-72)). Suppose u*f = 45*f + 72. What is the highest common divisor of 24 and f?
24
Let g be (-32)/(-112) - 906/(-14). Suppose -2*p = -2*z - g - 21, 5*p + 5*z = 235. Calculate the highest common factor of 18 and p.
9
Let s be 0/(0/(-1) - -4). Let h be s - 0 - -48*1. Calculate the greatest common divisor of 12 and h.
12
Suppose -5*h + 224 - 4 = 0. Suppose -h = -5*w + 31. Calculate the greatest common factor of w and 45.
15
Suppose 0 = -x + 3*x - 4. Suppose 5*v - 30 = 5*u, -v - 3*u + 4 = 2. Suppose -21 - 4 = -v*o. What is the highest common factor of x and o?
1
Let h = 19 + -16. Suppose -h*p = -87 + 24. Calculate the greatest common divisor of p and 7.
7
Suppose 0*i + 3*i = 75. Let y be (1 - 1)*((-36)/8 + 4). Let a be (0/3)/(-4) + y + 25. What is the highest common divisor of i and a?
25
Suppose -4674 = -23*k + 4*k. Calculate the greatest common divisor of 287 and k.
41
Suppose -2*t - 6 = -4, -17 = 4*f - 3*t. Let m be 0 + 3 + f + 8. What is the greatest common divisor of 24 and m?
6
Let r(b) be the first derivative of b**3/3 + 7*b**2/2 + 17*b - 10. Let o be r(-8). What is the greatest common divisor of o and 75?
25
Let h = 178 + -162. Calculate the highest common divisor of h and 40.
8
Let q be (-6)/(12/8 + -2). Suppose f - q = 4. Calculate the highest common factor of 112 and f.
16
Suppose 48 = 2*p - 3*k, 5*p = k - 0*k + 107. What is the greatest common divisor of 91 and p?
7
Let k = 377 + -216. What is the highest common factor of k and 7?
7
Let x be 6/33 + (-6)/33. Let y = x + 3. What is the highest common divisor of y and 21?
3
Let b = -30 + 37. Suppose 3*y = b*y - 72. Let q(v) = -2*v. Let i be q(-3). What is the highest common factor of i and y?
6
Let t = 43 + -29. Suppose 51 - 18 = -3*f - 5*u, 0 = 2*f - 5*u - 3. Let b = t - f. What is the greatest common divisor of b and 10?
10
Suppose 4*i = -q + 66 + 123, 4*i - 5*q - 207 = 0. Let m be 1/1*(-6)/(-1). Calculate the greatest common divisor of i and m.
6
Let q = 35 - 24. Suppose 187 = -1707*b + 1724*b. What is the greatest common factor of b and q?
11
Suppose -4*w + 8*w - 56 = 0. Let p be (-16)/96 - 110/(-12). Suppose w*v - 140 = p*v. Calculate the highest common factor of v and 70.
14
Let p(d) = -11*d - 20. Let t be p(-6). Let o = -42 + t. Suppose 6*s - 10 = s. Calculate the greatest common divisor of s and o.
2
Let z(u) = u**2 - 20. Let t be z(-7). Suppose -t = -3*r - 8. Calculate the highest common factor of 28 and r.
7
Let h = 29 + -26. Let n(d) = 6*d - 7. Let s be n(h). Calculate the greatest common divisor of s and 11.
11
Suppose -23 + 203 = 4*y. What is the highest common divisor of 30 and y?
15
Let t be ((-2)/(-6))/(1/(-6)). Let o be 13/26 + (-189)/t + 1. Let f = 44 + -20. What is the greatest common divisor of f and o?
24
Suppose -8*i + 24 = -6*i. Calculate the greatest common divisor of 78 and i.
6
Let z = 137 - -124. Calculate the highest common factor of z and 9.
9
Suppose 10 = 2*g - 22. Suppose -g = 4*c - 5*c. Suppose -46 - 2 = -l. Calculate the greatest common divisor of l and c.
16
Let j = 270 + -244. 